71 = 0. List the prime factors of h.
5, 61
Suppose 2*m + 4*n = 3*m - 12, 4*n + 140 = 5*m. Suppose 0 = -f - 3*f + m. List the prime factors of f.
2
Suppose -5*j + 9 = -6*j. Let w = j - -46. List the prime factors of w.
37
Suppose 0 = -0*j - 2*j - 6. Let w = 8 + j. Suppose w*c - 110 = 5*h, 0*h + 13 = c + 2*h. What are the prime factors of c?
19
Let t be (-6)/15 + (-227)/(-5). Suppose -t - 3 = -3*w. What are the prime factors of w?
2
Let q(u) = -u**2 - 9*u - 10. Let x be q(-9). Let m = -6 - x. Suppose -50 = -2*n + 4*i, 3*n - 21 = -m*i + 34. What are the prime factors of n?
3, 7
Let v = -1 - -1. Suppose v = 2*m - m. Let i = m - -14. What are the prime factors of i?
2, 7
Suppose -5*k + 20 = 0, 2*v + 2*k + 13 = -v. Let a = 0 - v. What are the prime factors of a?
7
Let q = -9 - -6. Let p = q + 7. What are the prime factors of p?
2
Let f = -25 + 42. List the prime factors of f.
17
Let v be -1*3*-2 - 2. Suppose -18 + 6 = -b - w, v*b - 24 = 2*w. List the prime factors of b.
2
Suppose 2*h + 45 = 7*h. Suppose d = -2*d + h. What are the prime factors of d?
3
Suppose u + 2*u = 0. Suppose u = 5*l - 36 - 4. What are the prime factors of l?
2
Let r = 330 - 185. Suppose -2*g - r = -7*g. List the prime factors of g.
29
Let u = -23 + 57. What are the prime factors of u?
2, 17
Suppose 0 = 3*q - 21 - 3. List the prime factors of q.
2
Suppose 3*i - i - 4 = 0. List the prime factors of (0 + (i - 3))*-13.
13
Let r(w) be the second derivative of -w**3 + w**2 + 2*w. Let s be r(2). Let i = s - -14. List the prime factors of i.
2
Suppose 6 = t - 4*s - 0*s, 0 = -3*t - 2*s + 32. Let f be t/(-55) - (-262)/(-11). List the prime factors of (f/14)/((-3)/21).
2, 3
Let i(x) = 4*x**2 - 4*x + 1. Let j(z) = 7*z**2 - 9*z + 2. Let a(c) = 5*i(c) - 3*j(c). Let o be a(6). Suppose -9 = -o*u + 2*u. What are the prime factors of u?
3
Suppose 7*u - 4*u - 549 = 3*v, 4*u - v = 717. List the prime factors of u.
2, 89
Suppose 13*i - 240 = 8*i. What are the prime factors of i?
2, 3
Suppose -2*a - 3 = 1, 0 = -5*h - 5*a + 5. Suppose 0 = -s + 2*s - h*z - 4, 5*z - 54 = -3*s. What are the prime factors of s?
13
Let p(g) = -8*g - 18. List the prime factors of p(-8).
2, 23
Suppose 5*i = -15, 5*y - 49 = -2*i - 0*i. List the prime factors of y.
11
Let k(i) = 3*i**3 + 3*i**2 - 5*i + 3. List the prime factors of k(3).
2, 3
Suppose 154 = 2*i + 4*j - 42, -i = 3*j - 97. Let v be i/35 - 1/(-7). Suppose -32 = -5*x + v. What are the prime factors of x?
7
Let z be (-13)/4 + 1/4. Let c be (-2 - z)/((-1)/(-2)). What are the prime factors of c + 8 + 3 + -2?
11
Suppose p = 2*b + 9, 3*b = -5*p - 2*b. Suppose -124 = -5*n + 2*h, -2*n + 3*h = p*n - 121. What are the prime factors of n?
2, 13
Let a = 3 + 1. Suppose -a*p = x + 10, 0 = -2*x + 4*p - 7*p - 5. What are the prime factors of x?
2
Let t be (5/(-10))/((-1)/(-6)). Let d = 1 + t. List the prime factors of ((-19)/(-1 - d))/(-1).
19
Suppose -o = -9 - 14. List the prime factors of o.
23
Let c be 34/6 + (-10)/15. Suppose -6 = 2*r - j - j, c*r + 4*j = -42. Let n(d) = d**3 + 7*d**2 + 3*d - 6. List the prime factors of n(r).
2, 3
Let x(r) = r - 4. Let h be x(5). Let b(a) = -14*a**2 - 1. Let i be b(h). Let s = i - -28. List the prime factors of s.
13
Let x(p) = -p**3 - 6*p**2 - 4*p + 5. What are the prime factors of x(-6)?
29
Let a(s) = 2*s**2 + 12*s + 3. What are the prime factors of a(-9)?
3, 19
Let a = -4 - -18. List the prime factors of a.
2, 7
Let v(b) = 3*b + 4. Let n be v(-8). Let x = n + 30. List the prime factors of x.
2, 5
Let i be -3*-2*(-2)/(-4). Suppose -5*l + 3*r = -4*l - 5, -4*l + i*r + 20 = 0. Suppose -3*f - 5*m = -0*f - 54, -53 = -l*f + 4*m. What are the prime factors of f?
13
Let d(o) = -3*o - 7. Let b be d(-5). Suppose 4*q + 0 - b = 0. Suppose 3*g + 7*l - 39 = q*l, -g - l + 13 = 0. List the prime factors of g.
13
Let d be -10 - (2 + -3 - 0). List the prime factors of 1420/90 + (-2)/d.
2
Let i = 4 - 2. Let q(w) = 2*w + w**2 + 2*w - w**2 + w**i + 5. What are the prime factors of q(-6)?
17
Suppose 58 - 13 = 5*t. Suppose -4*g - 5*u - 3 = 0, 0*u + 2*u = -5*g + t. What are the prime factors of g?
3
Let n(z) = z - 3. Let q be n(6). Suppose q - 21 = -3*c. Suppose 0 + c = 3*w. What are the prime factors of w?
2
List the prime factors of (-13)/(-1) - 3/18*6.
2, 3
What are the prime factors of (-4 - (-6 - -5)) + (-1 - -63)?
59
Suppose -4*t = 5*z - 28, 0 = 3*t - 5*t + 2*z - 4. Suppose 14 + t = -4*u. List the prime factors of (18 + u)*(1 - 0).
2, 7
What are the prime factors of ((-172)/10)/(12/(-30))?
43
Let k be (2 - 2 - -2) + 99. Let l be (k - -1)/(2/1). Let i = l - 34. List the prime factors of i.
17
Suppose -2*n - 2*k = -k - 23, 2*n + 2*k = 22. Let y be (-5)/(45/n)*-3. Suppose -16 = -3*i - y. List the prime factors of i.
2
Let s(d) = -3*d - 2. Suppose 2 = -0*k + k. Suppose 2*n = 2*j, -k*n - 5*j = -3*n + 12. List the prime factors of s(n).
7
Let c(i) = i + 3*i**3 + i + 1 - 4*i**3 - 2 + 5*i**2. What are the prime factors of c(5)?
3
Suppose 0 = 4*g - 0*g - 56. Suppose -i - 1 = -g. What are the prime factors of i?
13
Let g = -15 - -8. Let t = 14 + g. List the prime factors of t.
7
Let c be 2/9 - 520/(-9). Suppose -8 = -5*f - c. What are the prime factors of (-102)/4*f/15?
17
Let r = 91 - 53. List the prime factors of r.
2, 19
Let j(c) = -4 - c**2 + 6*c - 5*c + 8*c. Suppose -2*q + 15 = w, -5*q = 3*w - 4*w - 27. What are the prime factors of j(q)?
2, 7
Let u be (8/(-10))/((-2)/30). Suppose 3*g + 3*l = -u, -g + 3*l = -3 + 15. List the prime factors of 38/6 + 2/g.
2, 3
Suppose -h + 5*h + 16 = 0, 0 = -3*w + 2*h + 14. Let q be (1 - -1)/(-2) + w. Let g(s) = 8*s**2 + 2*s - 1. List the prime factors of g(q).
3
Let i(k) = -k**3 + 7*k**2 - k - 8. Let q be i(7). Let d = 0 - q. What are the prime factors of d?
3, 5
Suppose -15 = 2*l - 7*l. Suppose l = -c, z + 3*c = 3 - 5. What are the prime factors of z?
7
Let c = -661 - -973. What are the prime factors of c?
2, 3, 13
Suppose 15*d - 580 = 10*d. What are the prime factors of d?
2, 29
Let u be 0 + 4/2 - 7. Let c(l) be the first derivative of -l**2 + 4. What are the prime factors of c(u)?
2, 5
Let p(s) = 75*s**3 - 2*s**2 + s. Let r be p(1). Let m be (-2)/(-3) + 7/3. Suppose q - r = -m*i - 2*i, -5*q = i - 34. List the prime factors of i.
2, 7
Let i(k) = 3*k**2 - k - 1. Let b be i(-1). Let w(j) = 5*j**2 - j - 2. Let s be w(b). Suppose -2*r + 4*r = s. What are the prime factors of r?
2, 5
Let k(g) = g**2 + 4*g - 19. Let f be k(-7). Let a = 9 - 5. Let o = a - f. What are the prime factors of o?
2
Let p(i) = i**2 + 11*i + 2. Let m be p(-10). Let b = -4 - -4. Let j = b - m. What are the prime factors of j?
2
Suppose -3*s = -2*h + 2994, h - 4*h + 3993 = -4*s. List the prime factors of 2/10 - s/20.
2, 5
Suppose -g = -5*u + 3*g + 27, -4*u + 6 = 2*g. List the prime factors of 38/u - 4/6.
2, 3
Suppose 0 = 3*k + 3*z - 18, -7*z + 2*z = 2*k - 6. List the prime factors of k.
2
Suppose 0 = 3*b + 149 - 461. List the prime factors of b.
2, 13
Suppose -3*c + 12 = 3*i, 4*c - i - 1 = 20. Suppose 2*p - c*n = 41, 4*p + 4 - 11 = -5*n. List the prime factors of p.
2
Suppose -3*t = o, 3*t + 0*t + 18 = 5*o. Suppose -2*i = -10, 0 = 2*v - 7*v - o*i + 55. List the prime factors of v.
2
Let c(t) = 2 + 2*t - t**3 + 1 + 2*t**3 + 2*t**2 - 5*t. Let m be c(-3). Suppose 0*f + m*f + 3 = 0, 46 = 4*r - 2*f. What are the prime factors of r?
11
Let h(g) = g**2 + 3*g - 8. Suppose 0 = -3*v - 35 + 8. Let r be (-2)/v + (-280)/45. List the prime factors of h(r).
2, 5
Suppose 2*o = 2*y + 474, 2*y + 1162 + 8 = 5*o. List the prime factors of o.
2, 29
Suppose 15*w - 4*w = 3861. What are the prime factors of w?
3, 13
Let r(f) = -f**3 + f**2 + f + 186. What are the prime factors of r(0)?
2, 3, 31
Suppose 4*b + 5*k - 98 = 0, -3*k + 0*k - 6 = 0. List the prime factors of b.
3
What are the prime factors of (-399)/(-14) + 2/4?
29
Suppose 3 = f - 0*f. List the prime factors of -17*(f + 0 + -4).
17
Let h(r) = r - 2. Let c be h(5). Let x be c/3 + (3 - 2). What are the prime factors of (-8)/(-3) - x/(-6)?
3
Let h be (-2)/(-4)*(-1 - -11). Let n = 10 + -5. Suppose a - h = n. What are the prime factors of a?
2, 5
Let i be -5 + -3*(-6)/(-9). List the prime factors of (4 - 2)/((-1)/i).
2, 7
List the prime factors of 376/12 - (-16)/(-12).
2, 3, 5
Suppose 14 = -5*q + 4, 0 = -2*j + 2*q + 20. Let y